*c**2 - 73*c - 175. Let l(z) = 3*d(z) + 5*i(z). List the prime factors of l(-14).
17, 23
Suppose -119*z = -261136 - 516529. What are the prime factors of z?
5, 1307
Let t = 34 + -36. What are the prime factors of (-306 - -36)*(1 - (-3)/t)?
3, 5
Suppose 0*z + 4*z + 264 = 0. List the prime factors of z/(-8)*4*24/9.
2, 11
Let m(t) be the second derivative of -t**5/20 - t**4 + t**3/2 - 15*t**2/2 + 10*t. List the prime factors of m(-14).
5, 67
Let g(u) = 395*u + 741. List the prime factors of g(35).
2, 7283
Let h be (5 - 3)*((-4 - 1) + 216). Let i = h + -84. List the prime factors of i.
2, 13
Let z be (-4)/(-14) + (-2600)/35 + 7. Let y = z + 71. Suppose -203 = -y*v + 157. What are the prime factors of v?
2, 3, 5
Let d(y) = -38*y - 6. Let s(b) = b**2 + 4*b + 2. Let a(t) = -t**3 - 12*t**2 + t + 11. Let x be a(-12). Let w be s(x). What are the prime factors of d(w)?
2
Let v(z) = z**3 + 9*z**2 - 2*z - 4. Let y(m) = m**2 + m. Let s(k) = v(k) + 2*y(k). Let h be s(-12). Let j = h - -220. List the prime factors of j.
2, 3
Let d(b) = -2*b - 36. Let r(f) = 2*f - 1. Let t be r(3). Suppose t*u + 20 + 90 = 0. What are the prime factors of d(u)?
2
Let k be 2 - 3/2 - 270/(-108). Suppose 1492 = 5*m - 2*c, -k*c = 3*m - 280 - 611. What are the prime factors of m?
2, 149
Suppose -3*p - q + 54 = 0, 2*p + 3*p = 4*q + 107. Let v = p + -36. Let r(a) = 2*a**2 + 31*a + 9. What are the prime factors of r(v)?
2, 3, 5
Let u be 2301 + ((-2)/(-6))/(6/(-72)). Let m = u + -1300. List the prime factors of m.
997
Let z(o) be the third derivative of -o**4/6 + 4*o**3/3 + 24*o**2. Let x be z(9). Let q = x + 71. List the prime factors of q.
43
What are the prime factors of 56673/((-2)/((-160)/(-140)*(-14)/12))?
2, 3, 2099
Let m be -2 + (-3)/6*4*-13. What are the prime factors of m/8*3/(-9) - -63?
2, 31
Let y(c) = c**3 + 9*c**2 - 74*c + 11. Let q be y(-8). Let z = q + 101. What are the prime factors of z?
2, 3
Suppose 3*r + q = 11419 + 2315, 4*q = r - 4565. List the prime factors of r.
23, 199
Suppose -45762 = 54*k - 363390. List the prime factors of k.
2, 17, 173
Suppose -3*i + 4 = -0*q + 2*q, -3*q + 6 = -2*i. Suppose 4*p - 50 + 42 = i. Suppose 5*w - 660 = -5*f, -132 = -f - 2*w - p. What are the prime factors of f?
2, 67
Suppose -3208 + 36296 = 4*v + 4*x, -5*v + 41356 = x. List the prime factors of v.
3, 919
Let q(f) = -12811*f + 549. List the prime factors of q(-2).
26171
Let v(a) = -2*a + 26. Let r(s) = 2*s**2 - 9*s + 12. Let j be r(4). What are the prime factors of v(j)?
2, 5
Let w(d) = -45*d - 2. Let o(j) = -90*j - 3. Let y(b) = 6*o(b) - 13*w(b). List the prime factors of y(1).
53
Suppose -4978 = 3*j + p, -3*j - p = -6*p + 4972. Let d = 2979 + j. What are the prime factors of d?
2, 3, 5, 11
Suppose 10*n - 190 = 5*n - 5*f, -190 = -5*n - 4*f. Let l = n - 33. List the prime factors of (l/(-10))/(2/(-532)).
7, 19
Suppose h - 11204 = -4*r, 5*h - 26723 - 29297 = -r. What are the prime factors of h?
2, 2801
Suppose 3*t + 39848 = 2*m - 35474, -5*m = 5*t - 188280. List the prime factors of m.
2, 19, 991
Let h(w) be the first derivative of 53*w**3/3 - 8*w**2 + 10*w + 44. What are the prime factors of h(3)?
439
Let a(f) = f**3 - 11*f**2 + 10*f - 18. Let h be a(4). What are the prime factors of 66/(-4)*5100/h?
5, 11, 17
Let t = -12271 - -21706. What are the prime factors of t?
3, 5, 17, 37
Suppose -5*m + 28 = 3*h + 5, 5*h = 3*m + 27. Suppose 0 = h*x - 1148 - 76. List the prime factors of x.
2, 3, 17
Suppose -v + 2*r = -3*r - 35, -2*v = -4*r - 46. Suppose -94*l + 89*l = -v. Suppose 29 = 3*y + 3*k - 166, y - l*k - 85 = 0. What are the prime factors of y?
2, 5, 7
Let t be -3 - 1 - (-3 + -12). Let z(s) = 28 + 9*s - 5*s + t*s - 5*s. List the prime factors of z(6).
2, 11
Let q = -1706 + -1828. What are the prime factors of q/(-3)*(-6)/(-12)?
19, 31
Suppose 0 = 97*b - 552309 - 201381. What are the prime factors of b?
2, 3, 5, 7, 37
Suppose 238*s - 483*s + 214*s = -1572971. List the prime factors of s.
50741
Suppose 4*g + 3*w - 31545 - 14547 = 0, 5*g + 3*w - 57612 = 0. What are the prime factors of g?
2, 3, 5
Suppose 27306 = 3*h - 2*s, -3*h + s = -13715 - 13588. What are the prime factors of h?
2, 5, 7, 13
Suppose 0 = n + 2*n - 6. Suppose -11 = q + n*m - 3, -4*q = m + 25. List the prime factors of (-1311)/(-15) + q/15.
3, 29
Suppose 88*i = 85*i + 9. Suppose 0 = 2*g + 4, -i*h + 2809 = 4*g + 840. What are the prime factors of h?
659
Suppose -4*n - 4*j + 40328 = 0, n - 10091 = -59*j + 61*j. What are the prime factors of n?
5, 2017
Suppose -5 = -5*d + 30. Suppose 5*v - 7800 = -d*v. List the prime factors of v.
2, 5, 13
Let b(s) = -6*s - 94. Let z be b(-16). Suppose -z*c - 474 = -1374. What are the prime factors of c?
2, 3, 5
What are the prime factors of -1 - -21182 - (42/6)/(-1 + 0)?
2, 5297
Let i be -2 - (-22 + -1 + -3). Let p be (i/15 - 2) + 520/50. What are the prime factors of (136/p)/((-8)/(-20))?
2, 17
Let r be 378/84*(-4)/3. List the prime factors of (-1855)/(-14) + r/12.
2, 3, 11
Let f = -25630 + 36589. What are the prime factors of f?
3, 13, 281
Let x = 496 + -279. Suppose -x = 14*d - 651. Let w = d + 150. List the prime factors of w.
181
Let a = -11 - -11. Let h = 24 + -22. Suppose 3*s = -h*r + 506, a = -2*s - 5*r + 120 + 232. List the prime factors of s.
2, 83
What are the prime factors of (-1)/9 + 19 + 243866/18?
13567
Let r = -46 + 76. Suppose r*o - 32*o = -218. What are the prime factors of o?
109
List the prime factors of -793*1*-9 - (-118)/(-59).
5, 1427
Let q(h) = -5789*h**3 - 13*h**2 - 28*h. List the prime factors of q(-2).
2, 11579
Suppose 5*l + 36 = 116. Let b(n) = n**3 - 14*n**2 - 19*n + 5. List the prime factors of b(l).
3, 71
Suppose -538*k + 83640 = -526*k. List the prime factors of k.
2, 5, 17, 41
Let f(t) = 12*t**2 - 3*t + 1. Let j(n) = -3*n - 45. Let b be j(-17). What are the prime factors of f(b)?
5, 83
Suppose 4*n + 3*q - 870 + 158 = 0, -2*n + 356 = -4*q. Let f = n + -86. List the prime factors of f.
2, 23
Suppose 36 = -4*k + 12. Let o(g) = 39*g + 9. Let u be o(k). List the prime factors of 15659/105 - 5/(u/(-6)).
149
List the prime factors of (-1630)/8965 + 551522/22.
11, 43, 53
What are the prime factors of ((-49847)/(-6))/(106/636)?
7, 7121
Suppose 0 = 12*r - 4*r - 80. Suppose -2*i = r, 2*i + 19 = 4*l - l. Suppose l*d = 6*j - 3*j - 186, -j = 4*d - 82. What are the prime factors of j?
2, 3, 11
Suppose -i - 8*p = -10*p - 6271, -i + 6271 = -3*p. What are the prime factors of i?
6271
Let o = -33 - -36. Suppose -o = -3*s, -4*s - s - 315 = -q. List the prime factors of q.
2, 5
Let d = 27 + -25. Suppose d*w = f + 3, -5*w + f + 7 = -w. Suppose -w*n + 34 = -68. List the prime factors of n.
3, 17
Let o(x) = -7*x - 62. Let w be o(-6). Let z be (w/(-8))/((-4)/(-8)). Suppose -3*v - 4*h + 812 - 279 = 0, -z*h - 515 = -3*v. List the prime factors of v.
5, 7
Let p be 12/10*20/4. Suppose -5*u + 2*u = -p. Suppose -5*x = -u*x - 36. What are the prime factors of x?
2, 3
Suppose -7*i - 272 = -27. Let b = i - -89. What are the prime factors of b?
2, 3
Let t be -6*(-1 - (-1)/(-2)). Let v(o) = -o**3 - 29*o + 10*o**2 + 29*o - 6 + 0*o**3. List the prime factors of v(t).
3, 5
Let v be 710/15*3/2. Let x = -65 + v. Suppose -3*g + 53 = -4*b, -2 = -3*g - 5*b + x. What are the prime factors of g?
11
List the prime factors of ((-1965272)/87 - 28)/((-1)/3*2).
2, 16963
Suppose 3*c + 2 = -3*x - c, -3*c - 4 = x. Let d(k) = -k + 8. Let y be d(x). Suppose -109 = y*q - 439. What are the prime factors of q?
5, 11
List the prime factors of -3*33448/(-48)*2.
37, 113
What are the prime factors of (2/(-35) - 36363/35)*-20?
2, 5, 1039
Suppose -1 = -7*d + 62. Suppose s - 11 = -2*p + 4*s, 5*s + d = p. What are the prime factors of 768/p + 0 + (1 - 0)?
193
Let x(d) = d - 13. Let h be x(10). Suppose 0 = -3*f + 30*g - 33*g + 135, 217 = 5*f + g. Let z = h + f. What are the prime factors of z?
2, 5
Suppose 32*a + 10649 = 30*a + 25*a. List the prime factors of a.
463
Suppose 35*w - 19*w - 267393 = -w. What are the prime factors of w?
3, 7, 107
Suppose 0 = -78*f - 80*f + 6618778. List the prime factors of f.
163, 257
Let x = 290 + -519. Let a = x + 458. Let u = -97 + a. What are the prime factors of u?
2, 3, 11
Suppose -3*u = -3*o + 37113, 2*o - 12737 = 3*u + 12004. List the prime factors of o.
2, 3, 1031
Suppose 13004*d =